+ r**3 + 0*r. Suppose -57*z + 23*z = -340. What is x(z)?
11
Suppose c = -5*n + 30, -c = c - 5*n - 75. Suppose -5*q + 0 = c. Let l(w) = -3*w + 1. Let y(t) = 17*t - 9. Let i(d) = 6*l(d) + y(d). Give i(q).
4
Let m = -136 - -128. Let p(g) = g - 3. Determine p(m).
-11
Suppose -2*f = -4*y - 50, -3*y - 4*f - 28 = 15. Let d(l) = -2*l - 29. What is d(y)?
-3
Let t(y) be the first derivative of y**4/4 - 14*y**3/3 - 15*y**2/2 + 5*y + 483. Determine t(15).
5
Let r(v) = -4*v**2 - v + 0*v**3 - 2*v**3 + v**3 + 2 + 0*v**2. Let s be r(-4). Let a(j) = -5*j - 4 + s*j - 1 + j**2. Give a(-4).
7
Let g(m) be the third derivative of m**4/3 - 11*m**3/3 - 408*m**2. Give g(3).
2
Let z(f) = -2*f + 4. Suppose 9 = 2*b + 5. Let g be (-57)/(-38) - (14/(-4) + b). Give z(g).
-2
Let s be (-16)/40*-5*1. Let k be (-4 - -2) + (0 - (-1 + s)). Let g(h) = 4*h**2 - 9*h + 8. Let b(p) = -3*p**2 + 8*p - 7. Let j(i) = 6*b(i) + 5*g(i). Give j(k).
7
Let t(c) = -c**3 + 6*c**2 - c + 5. Let s = -61 + 67. Determine t(s).
-1
Let l(a) = 3*a**3 - 6*a**2 - 1 + 4*a**2 + 2. Suppose i - 399 = 3*k - 407, -i - k = -4. What is l(i)?
2
Let m be 577/(-4) - (-6)/(-8). Let r = -147 - m. Let y(p) = -p**3 - p**2 + 4*p + 3. What is y(r)?
-1
Let l(k) be the first derivative of -k**3/3 - 4*k**2 - 3189. Let d = -18 - -10. Calculate l(d).
0
Let g(n) = n**2 + 7*n + 8. Suppose -26 = 4*j + 5*h + 7, 5 = -5*h. Give g(j).
8
Let i(w) = 2*w + 37. Let d = 394 - 411. Determine i(d).
3
Let r = -32 + 32. Let f(t) = 3*t - 5*t + t - 5 + 15. What is f(r)?
10
Let z(f) = 31*f + 26*f + 23*f - 12 - 79*f. Calculate z(-10).
-22
Suppose -18*d = -n - 17*d + 9, -3*n + 2*d = -27. Let v(l) be the first derivative of 0*l - n + 2/3*l**3 - 1/2*l**2. Give v(2).
6
Let n(p) be the second derivative of p**5/20 + 2*p**4/3 + 4*p**3/3 - p**2/2 - 14*p + 15. Calculate n(-7).
-8
Suppose -4*t - 61 + 209 = 0. Let i(d) = -d**2 - 4*d + 5*d**3 + 36 + 3*d - t. Let r = 1 + -2. Give i(r).
-6
Suppose -760 = 5*h + 5*n, 0*h - 3*h - n - 456 = 0. Let t = 152 + h. Let f(d) = -d**2 - 1 - 2 + 8. Determine f(t).
5
Suppose 3*n - 9 = -0. Let d(w) = 3 - 8 + 12 - w - 7. What is d(n)?
-3
Let z be (-1)/(-2)*(5 + (-11 - -8)). Let p(o) = o + 3 - 10*o**2 - 3. What is p(z)?
-9
Let i(h) = 2*h**2 - 3*h + 3. Suppose -2*z + 28 = -0*z. Suppose u + n + z = -3*n, -5*u = -2*n - 18. Let x be i(u). Let s(d) = -d - 1. Give s(x).
-6
Let l = -270 + 269. Let g(s) = -10*s**3 + s**2 - 1. What is g(l)?
10
Let j = -180 + 175. Let b(f) = 2*f + 1. What is b(j)?
-9
Let w(b) = -b - 17. Let c be w(-10). Let y(z) = -z - 1. Let g(p) = p**2 + 8*p + 7. Let q(s) = g(s) + y(s). What is q(c)?
6
Let v(p) = -8*p**2 - p - 15. Let f be (2/6)/((-1)/3). Let l be (f - -9) + (4 - 5). Let g(r) = 7*r**2 + 14. Let b(i) = l*g(i) + 6*v(i). What is b(6)?
8
Let t(j) = -j**3 - 12*j**2 - 2*j - 18. Let q be t(-12). Let w = -1 - -5. Suppose -q*g + 8*g = w. Let z(d) = -d**3 - d - 1. Give z(g).
-11
Let r(k) = k**2 + 3*k - 12. Let g be r(5). Let u(p) = -1 + g*p + p**2 + 29*p - 2*p**3 - 56*p. Give u(2).
-11
Suppose -3*n - 16 = 23. Let w(t) = -t**2 - 11*t + 26. Let l be w(n). Let r(x) = -x + 3*x**3 + 3*x**2 - 2*x**3 - 2*x**2 - 5. Calculate r(l).
-5
Let q(v) = -3*v + 4*v + 0*v - 10. Suppose 0 = -4*s + 9*s. Let p be (1 + s - 2)*(14 - 21). Give q(p).
-3
Suppose 0 = -2*v + 2*y + 6, -20 = -21*v + 19*v - 5*y. Let g(s) = -9*s + 6. What is g(v)?
-39
Let y = 63 - 57. Let v(m) = -m**3 + 5*m**2 + 8*m - 11. Let d be v(y). Let h(x) = -5*x**2 + x - 1. Give h(d).
-5
Let x = -6 - -8. Let c(l) = 3 + 1 + x*l - 5. Let h be (1 - 5/2)*2. What is c(h)?
-7
Let a(s) = -s**3 + 88*s**2 - 406*s - 740. Let r be a(83). Let d(n) be the first derivative of n**3/3 - 9*n**2/2 + 9*n - 1. Give d(r).
-5
Let w = 26 - 22. Let f(v) = -v**3 + 5*v**2 - 8*v + 14. Determine f(w).
-2
Suppose 54 = 3*o - 42. Suppose -4*h + o = -4*m, 4*h + 23 = 5*h - 4*m. Let i(n) = -3*n**2 + 2*n - 6*n + n**3 + 3 + 2*n. What is i(h)?
-3
Let o(v) = -5*v**3 + 25*v**2 + 46*v - 46. Let f(m) = m**3 - 5*m**2 - 9*m + 9. Let y(s) = 11*f(s) + 2*o(s). Give y(6).
1
Let v be (-36)/(-5) + 5/(-25). Let b = -8 + v. Let h be (20/12 + b)*-6. Let g(l) = l**3 + 5*l**2 + 5*l + 4. What is g(h)?
0
Let l(p) = 6*p**2 - 4*p**2 - p**2 + 1 + 10*p**2 + p**3. Determine l(-11).
1
Let v = 10 + 0. Let q = v + -9. Let h(b) = 3*b**3 - 2*b**2 - 3*b - 1. Let p(x) = 3*x**3 - 2*x**2 - 2*x - 1. Let r(f) = 4*h(f) - 5*p(f). Give r(q).
-2
Suppose 2*c + 5*t + 15 + 5 = 0, 5*c - 3*t - 12 = 0. Let h(m) = m + 9. Give h(c).
9
Let f(l) = -6*l - 2. Let m be 0/2 - -1 - (9 - 5). Determine f(m).
16
Let b(g) = -2*g**2 + g. Let i = -758 + 755. Give b(i).
-21
Let k(s) = 44 + 47 - 136 + 44 + 5*s + 67*s**2 - 4*s. What is k(1)?
67
Let h = -1857 - -1857. Let s(m) be the first derivative of -3/2*m**2 + 11 + m**3 + h*m. What is s(2)?
6
Let j(l) = -l**3 + 5*l**2 - 3*l + 5. Let r be j(4). Let h(o) = o**2 - 8*o - 3. Calculate h(r).
6
Let x(f) = f**2 + 13. Let y(z) = -2*z**2 - 25. Let u = -8 - 3. Let k(i) = u*x(i) - 6*y(i). What is k(0)?
7
Let w(n) = -1 + 1 - n**2 + 0*n**2 - 1. Let u(b) = 5*b**2 + 5*b + 13. Let k(z) = -u(z) - 6*w(z). What is k(5)?
-7
Let x(f) = f**2 + f + 1 + f**2 - f**2. Suppose 0 = -b - 2 + 1. Let l be ((-1)/2)/(b/(-12)*-3). Calculate x(l).
7
Let q(l) be the second derivative of -l**4/12 + 7*l**3/6 + 6*l**2 + 1016*l. Calculate q(11).
-32
Let i(g) = -9*g - 1. Suppose 0*f - f - 2 = -d, 3*d = -2*f + 21. Suppose 0 = -3*v - 3*b - b + 11, -d*v = -3*b + 1. Give i(v).
-10
Let b(h) = 5*h**3 + 13*h**2 - 13*h + 2. Let t = 174 + -168. Let g(p) = 4*p**3 + 12*p**2 - 12*p + 2. Let y(o) = t*g(o) - 5*b(o). Give y(6).
-4
Let j(o) be the first derivative of -o**4/4 + o**3/3 + 53. Calculate j(1).
0
Let p(w) = 1 + w**2 - 12*w - 3*w + w**2 - 7*w + 16*w. Calculate p(4).
9
Let l(q) be the third derivative of q**6/120 - q**5/20 + q**4/8 + q**2 + 53*q. Give l(2).
2
Let h(d) be the third derivative of d**6/120 + d**5/4 - d**4/24 - 7*d**3/2 + 44*d**2 - 2. Give h(-15).
-6
Let l = 1889 + -1881. Let d(s) = -s**3 + 7*s**2 + 7*s + 10. What is d(l)?
2
Let n = 212 + -212. Let r(p) = p**2 - 1. Calculate r(n).
-1
Let p be ((-7)/(14/10))/(15/(-6)). Let y(w) = 3*w**2 - 4*w + 2. Give y(p).
6
Suppose -1 = 4*b - 2*j - 3, -j + 5 = 0. Suppose b*w + 3 = 18. Let o(n) = 2*n - 1. Give o(w).
9
Let z = -13 - -22. Let x(t) = -z*t + 2*t + 11*t. What is x(-2)?
-8
Let a(b) be the second derivative of -4*b**3/3 + b**2/2 + 2*b. Let m = 28 - 24. Suppose h + 3 - m = 0. Calculate a(h).
-7
Let w(i) be the first derivative of 0*i + 0*i**2 - 11/3*i**3 + 5/24*i**4 + 8 + 1/120*i**5. Let c(m) be the third derivative of w(m). Give c(-7).
-2
Let k(t) = -t**3 + 7*t**2 - 5*t - 10. Let x be k(6). Let g(d) = -14*d - 18. Let q(r) = 9*r + 12. Let p(s) = 5*g(s) + 8*q(s). Give p(x).
-2
Let c(g) = g**2 + g - 1. Let r(v) = -v**3 + 5*v**2 + 7*v - 8. Let h(b) = 6*c(b) - r(b). Let z(q) = q + 3. Let x be z(-1). Calculate h(x).
12
Suppose k - 37 = -5*y, k - 3 = -1. Let l(x) = x**2 - 6*x - 5. Let s be l(y). Let r(f) = f + 3. Let g(c) = 2*c + 9. Let j(t) = 6*g(t) - 17*r(t). What is j(s)?
-7
Let h = 85 - 85. Suppose y + 29 - 26 = h. Let z(f) = f**3 + 5*f**2 + 5*f + 4. Give z(y).
7
Let x(s) = -s + 2. Suppose -5*a = -0 + 10. Let l be a - -6 - (-1 + -11). Let p be 2*(-4)/(l/(-6)). Calculate x(p).
-1
Let p(w) = -w - 48. Let a(s) = -s - 28. Let q(y) = 7*a(y) - 4*p(y). What is q(-4)?
8
Let p(h) = 5*h**2 + 4*h - 1. Let g(c) = -17*c**2 - 11*c + 4. Let y(l) = 2*g(l) + 7*p(l). Calculate y(-5).
-4
Let j(r) be the third derivative of -r**4/24 - r**3/2 + 11*r**2 - 3. Give j(-1).
-2
Let l = 24 + -24. Let y(q) = 4*q**2 - 11*q**2 - 9*q - q**3 - 2*q**2 + 1 + l*q. Let n = 8 + -16. Calculate y(n).
9
Let h(j) be the third derivative of -j**6/720 - j**5/12 + 13*j**4/24 + j**2. Let o(a) be the second derivative of h(a). What is o(-5)?
-5
Let n(o) = -o + 7. Let a(k) = 2*k**2 + 15*k - 34. Let j be a(-9). Calculate n(j).
14
Let i(j) = -23*j + 3. Let s(m) = 12*m - 2. Let n(q) = -3*i(q) - 5*s(q). Let l(f) = 20*f + 1. Let v(g) = -2*l(g) + 5*n(g). Give v(3).
18
Let z be (-32)/24 - (-8 - 345/(-45)). Let x = 0 - -2. Let a(q) = 10*q**x - 2*q**2 + 0*q**2. Calculate a(z).
8
Let h(b) = -b**2 + 12*b + 29. Let f be h(14). Let x be 1/(f/1) + -27 + 29. Let d(z) = -z**2 + 5*z - 1. Calculate d(x).
5
Let w(r) = -1 + 7 + 5 + r. Let i be w(-7). Let s(o) = 4*o - 3*